{"id":23,"date":"2015-07-28T12:33:46","date_gmt":"2015-07-28T12:33:46","guid":{"rendered":"http:\/\/kfztechnik-mueller.de\/?page_id=23"},"modified":"2019-07-18T22:13:41","modified_gmt":"2019-07-18T20:13:41","slug":"start","status":"publish","type":"page","link":"https:\/\/kfztechnik-mueller.de\/","title":{"rendered":"Start"},"content":{"rendered":"<h1 style=\"text-align: center;\"><span style=\"color: #000000;\"><strong><em>Die Freie KFZ Werkstatt in Beeskow<\/em><\/strong><\/span><\/h1>\n<p>&nbsp;<\/p>\n<p><img decoding=\"async\" loading=\"lazy\" class=\" wp-image-633\" src=\"https:\/\/kfztechnik-mueller.de\/wp-content\/uploads\/Handy-2018-453-243x300.jpg\" alt=\"\" width=\"828\" height=\"1022\" srcset=\"https:\/\/kfztechnik-mueller.de\/wp-content\/uploads\/Handy-2018-453-243x300.jpg 243w, https:\/\/kfztechnik-mueller.de\/wp-content\/uploads\/Handy-2018-453-768x948.jpg 768w, https:\/\/kfztechnik-mueller.de\/wp-content\/uploads\/Handy-2018-453-830x1024.jpg 830w, https:\/\/kfztechnik-mueller.de\/wp-content\/uploads\/Handy-2018-453-65x80.jpg 65w\" sizes=\"(max-width: 828px) 100vw, 828px\" \/><\/p>\n<h3 style=\"text-align: center;\"><\/h3>\n<h2 style=\"text-align: center;\">\u00a0<span style=\"text-decoration: underline;\"><strong><em><span style=\"color: #ff0000;\"><a style=\"color: #ff0000; text-decoration: underline;\" href=\"https:\/\/www.facebook.com\/295849890562222\/videos\/598571496956725\/\" target=\"_blank\" rel=\"noopener\">&#8220; Klick mich ! Clip 1 KFZ Technik M\u00fcller&#8220;<\/a><\/span><\/em><\/strong><\/span><\/h2>\n<p>&nbsp;<\/p>\n<h4 style=\"text-align: center;\"><span style=\"color: #ff0000;\">Unser Angebot reicht von KFZ Instandsetzung und Service,<br \/>\n<\/span><span style=\"color: #000000;\"><span style=\"color: #ff0000;\"> R\u00e4der- Reifenservice, Klimaservice \u00fcber Motordiagnose bis t\u00e4gl.T\u00dcV \/ AU .<\/span> <\/span><\/h4>\n","protected":false},"excerpt":{"rendered":"<p>Die Freie KFZ Werkstatt in Beeskow &nbsp; \u00a0&#8220; Klick mich ! Clip 1 KFZ Technik M\u00fcller&#8220; &nbsp; Unser Angebot reicht von KFZ Instandsetzung und Service, R\u00e4der- Reifenservice, Klimaservice \u00fcber Motordiagnose bis t\u00e4gl.T\u00dcV \/ AU .<\/p>\n","protected":false},"author":1,"featured_media":0,"parent":0,"menu_order":0,"comment_status":"closed","ping_status":"closed","template":"","meta":{"footnotes":""},"_links":{"self":[{"href":"https:\/\/kfztechnik-mueller.de\/index.php?rest_route=\/wp\/v2\/pages\/23"}],"collection":[{"href":"https:\/\/kfztechnik-mueller.de\/index.php?rest_route=\/wp\/v2\/pages"}],"about":[{"href":"https:\/\/kfztechnik-mueller.de\/index.php?rest_route=\/wp\/v2\/types\/page"}],"author":[{"embeddable":true,"href":"https:\/\/kfztechnik-mueller.de\/index.php?rest_route=\/wp\/v2\/users\/1"}],"replies":[{"embeddable":true,"href":"https:\/\/kfztechnik-mueller.de\/index.php?rest_route=%2Fwp%2Fv2%2Fcomments&post=23"}],"version-history":[{"count":38,"href":"https:\/\/kfztechnik-mueller.de\/index.php?rest_route=\/wp\/v2\/pages\/23\/revisions"}],"predecessor-version":[{"id":640,"href":"https:\/\/kfztechnik-mueller.de\/index.php?rest_route=\/wp\/v2\/pages\/23\/revisions\/640"}],"wp:attachment":[{"href":"https:\/\/kfztechnik-mueller.de\/index.php?rest_route=%2Fwp%2Fv2%2Fmedia&parent=23"}],"curies":[{"name":"wp","href":"https:\/\/api.w.org\/{rel}","templated":true}]}}